5, what is 3 + 40003102?
40003110
In base 11, what is -6 + 7564?
7559
In base 15, what is 1476a + -6?
14764
In base 9, what is -237 - -1524?
1276
In base 2, what is 111 + -1101111010101110?
-1101111010100111
In base 4, what is 120 + -103221?
-103101
In base 15, what is 69195 + -7?
6918d
In base 2, what is 11001110000101 + -101?
11001110000000
In base 9, what is -5456 + -3?
-5460
In base 3, what is 0 + -12201001?
-12201001
In base 15, what is -26282 + -7?
-26289
In base 14, what is -2b + -d8?
-125
In base 13, what is 225 + cb?
323
In base 8, what is 733 + 5205?
6140
In base 2, what is 1011011100111110 - -10100?
1011011101010010
In base 16, what is 34 - -521d?
5251
In base 16, what is -a - -1d2b?
1d21
In base 5, what is -231 + 4002?
3221
In base 8, what is 22 - -700?
722
In base 7, what is -50652 + -23?
-51005
In base 13, what is -1750 + -13?
-1763
In base 16, what is -3 + -95a8?
-95ab
In base 13, what is -2490 + 30?
-2460
In base 15, what is 1 - -20232?
20233
In base 14, what is 2 - 4a56?
-4a54
In base 6, what is -305 + 254?
-11
In base 13, what is 302 - 1805?
-1503
In base 8, what is -2 - -40140?
40136
In base 16, what is -49d7 - 2?
-49d9
In base 15, what is 38 - 2e4c?
-2e14
In base 15, what is d - 57?
-49
In base 12, what is -66a - -46?
-624
In base 12, what is -39 - -23652?
23615
In base 14, what is 21 + 4a39?
4a5a
In base 6, what is 43 - 312525?
-312442
In base 9, what is -22 - -373807?
373775
In base 3, what is 2221211 + 1?
2221212
In base 8, what is -12 + 262702?
262670
In base 15, what is -65 - 74d?
-7b3
In base 11, what is -1 + 2835a0?
28359a
In base 6, what is -12303000 + -2?
-12303002
In base 3, what is 201021012 + -12?
201021000
In base 14, what is -435 + 110?
-325
In base 11, what is -7 + -996438?
-996444
In base 9, what is -77 + -851?
-1038
In base 3, what is -1 + -1120020211?
-1120020212
In base 16, what is -18403 - 2?
-18405
In base 6, what is -14533 + -4?
-14541
In base 15, what is 38667 + 1?
38668
In base 11, what is 189750 + 5?
189755
In base 7, what is -560622 + -14?
-560636
In base 15, what is 4e95 + -16?
4e7e
In base 7, what is 50310 - 1?
50306
In base 10, what is 6791 - -7?
6798
In base 15, what is -637 - 681?
-cb8
In base 2, what is 1100 + 110101111?
110111011
In base 2, what is -1111010100111 + 110100110?
-1110100000001
In base 6, what is -4 + -2325555?
-2330003
In base 16, what is -9644 - 8e?
-96d2
In base 7, what is -331 + 14030?
13366
In base 5, what is -40114 + -130?
-40244
In base 7, what is -41545 - -511?
-41034
In base 8, what is -243 + -57?
-322
In base 16, what is 87cfe + -5?
87cf9
In base 9, what is -23 - 354?
-377
In base 15, what is -59015 - 6?
-5901b
In base 16, what is -1 - -2b24?
2b23
In base 10, what is 4 - -21600?
21604
In base 8, what is -1 - 1306252?
-1306253
In base 13, what is 48a9 - -5?
48b1
In base 6, what is 20 - 45141?
-45121
In base 16, what is 1c38e8 - 4?
1c38e4
In base 16, what is 8b + 53?
de
In base 16, what is 22 + -11dc?
-11ba
In base 7, what is 1 - 3204?
-3203
In base 12, what is a1840 + 2?
a1842
In base 7, what is -62 + -4520?
-4612
In base 13, what is a + -a839?
-a82c
In base 10, what is -364 + -184?
-548
In base 4, what is -21221210 - -31?
-21221113
In base 8, what is 636 - 203?
433
In base 14, what is 321 + d?
330
In base 9, what is 20761187 + -4?
20761183
In base 12, what is -3 - 119a9?
-119b0
In base 10, what is 1536 + 560?
2096
In base 12, what is 0 - -9207?
9207
In base 5, what is 3 + -13142?
-13134
In base 15, what is -14 - -7d1eb?
7d1d7
In base 9, what is -4 + 608366?
608362
In base 9, what is -3 + -1141134?
-1141137
In base 13, what is 7903 - 5?
78cb
In base 4, what is 3112 + 2312?
12030
In base 11, what is 482 - -62?
534
In base 2, what is 111001 - -101110000?
110101001
In base 4, what is -1100100 + -1031?
-1101131
In base 4, what is 1023221 + -10?
1023211
In base 10, what is -75 + 6235?
6160
In base 14, what is 79cd - -5?
79d4
In base 15, what is -4d46 - -99?
-4c9c
In base 5, what is 0 - -211314?
211314
In base 4, what is 11 + -13032211?
-13032200
In base 9, what is 1 - -201147?
201148
In base 4, what is 1021 - -1201301?
1202322
In base 9, what is -3 + -2075422?
-2075425
In base 3, what is -202 + 1022212102?
1022211200
In base 4, what is 11231310020 - -3?
11231310023
In base 10, what is -3 + -7467?
-7470
In base 9, what is 161 + -274?
-113
In base 14, what is -74 - 44?
-b8
In base 3, what is 221 + -21012220?
-21011222
In base 3, what is 21221110101 + -10?
21221110021
In base 14, what is 1 - -4448?
4449
In base 9, what is 1 - -110704?
110705
In base 13, what is -1177 - -112?
-1065
In base 7, what is 15325553 - 3?
15325550
In base 9, what is -1 + -11118?
-11120
In base 5, what is -11430 + 4030?
-2400
In base 12, what is 1 + 2ba2?
2ba3
In base 10, what is 1486 + 23?
1509
In base 16, what is -4b23e - -1?
-4b23d
In base 11, what is 3 - -6944?
6947
In base 8, what is 2644 + -201?
2443
In base 15, what is 45 + ac4?
b19
In base 8, what is 0 - -65627?
65627
In base 14, what is 7b + 392?
42d
In base 9, what is -337236 - 3?
-337240
In base 15, what is 4 + -58a6?
-58a2
In base 8, what is -43 + 10014?
7751
In base 5, what is -22430 + -40322?
-113302
In base 10, what is 426 + 11?
437
In base 6, what is -123243300 - -2?
-123243254
In base 15, what is -14ba9 - 1?
-14baa
In base 7, what is -32 + 520041?
520006
In base 13, what is -30 + 272a?
26ca
In base 11, what is 229 + -433?
-205
In base 16, what is -15d012 + -3?
-15d015
In base 12, what is -1 + 93270?
9326b
In base 6, what is -10134151 + -3?
-10134154
In base 7, what is 514 + -36214?
-35400
In base 13, what is 4 - 2cabb8?
-2cabb4
In base 12, what is -11390 + -58?
-11428
In base 5, what is -1202424102 - -3?
-1202424044
In base 7, what is -133130 + -63?
-133223
In base 16, what is 17 + 86a0?
86b7
In base 16, what is 9d5f + 0?
9d5f
In base 11, what is -604 - -846?
242
In base 3, what is 1022 - 22201?
-21102
In base 2, what is 1111000100 + -10110000110?
-111000010
In base 13, what is 169 + 23?
18c
In base 15, what is -1281 + -4?
-1285
In base 6, what is 135 - -10423?
11002
In base 13, what is 1445 - 155?
12c0
In base 4, what is 2 - 3230121?
-3230113
In base 11, what is -768 + 2622?
1965
In base 8, what is 0 + 244537?
244537
In base 15, what is -11 + 2301?
22e0
In base 15, what is 10 + 59431?
59441
In base 13, what is 7 + 7c391?
7c398
In base 13, what is a0 + -1b90?
-1ac0
In base 15, what is -115c0 + 2?
-115bd
In base 12, what is a92632 - 1?
a92631
In base 15, what is 10d81 + -4?
10d7c
In base 3, what is -12122102 + 210?
-12121122
In base 2, what is 111010100011001 - 101?
111010100010100
In base 15, what is -101e + 2e?
-ee0
In base 7, what is 1 - -14560?
14561
In base 8, what is -14551 - -172?
-14357
In base 5, what is 43 - -10332?
10430
In base 6, what is 2501 + 21003?
23504
In base 13, what is -4 - 1604?
-1608
In base 6, what is -24233 + 1255?
-22534
In base 5, what is -1 - 24111241?
-24111242
In base 15, what is -3a077 + -6?
-3a07d
In base 15, what is 2 + -7cc7?
-7cc5
In base 11, what is -3 + 27850?
27848
In base 3, what is 0 + 1222120100?
1222120100
In base 5, what is 4422 + 20?
4442
In base 10, what is 6 - 122693?
-122687
In base 5, what is 12300 - -30101?
42401
In base 3, what is -1000112110 - 12?
-1000112122
In base 12, what is 175 - 10541?
-10388
In base 14, what is -3 - -5ad70?
5ad6b
In base 12, what is 2b706 - 0?
2b706
In base 10, what is -15 + -19419?
-19434
In base 13, what is -1 + -22776?
-22777
In base 3, what is 0 + 100112002?
100112002
In base 11, what is -2902 + -54?
-2956
In base 3, what is -1121 + -1021?
-2212
In base 14, what is 4 + -39b7c?
-39b78
In base 5, what is -233423 + 1033?
-232340
In base 13, what is -3 + -688a1?
-688a4
In base 11, what is 2455 - -30?
2485
In base 3, what is 1211202012 + -12?
1211202000
In base 4, what is 11113131 - 211?
11112320
In base 11, what is 16a + -169?
1
In base 2, what is -10010110000001111 + 1?
-10010110000001110
In base 2, what is 101101000011 - 101?
101100111110
In base 5, what is 43 + 40012?
40110
In base 4, what is -1120233023 - 1?
-1120233030
In base 6, what is -2 + -3223102?
-3223104
In base 2, what is -1110 + -110101001011?
-110101011001
In base 6, what is 3 + 5400?
5403
In base 9, what is -802 + 755?
-36
In base 2, what is 11010110110010011 - 101?
11010110110001110
In base 3,